osite number?
True
Is 3408961067 a prime number?
True
Is 273273251 a prime number?
False
Is 88619701123 a prime number?
True
Is 16372336199 a composite number?
True
Is 1799988742 a composite number?
True
Is 2475934093 prime?
True
Is 16193981 composite?
False
Is 3934934243 a composite number?
False
Is 151423691 a composite number?
False
Is 6448649123 a composite number?
True
Is 3352386589 a composite number?
True
Is 175722303331 a composite number?
False
Is 803103542939 prime?
True
Is 6443722421 a composite number?
False
Is 4494314651 prime?
False
Is 19009670023 a composite number?
True
Is 309978057 a composite number?
True
Is 1986666281 composite?
False
Is 2193917645 composite?
True
Is 87731509 prime?
False
Is 202570969 composite?
True
Is 1017421789 a prime number?
False
Is 8139943289 prime?
True
Is 4281540101 prime?
True
Is 435157699 composite?
False
Is 9949762401 a prime number?
False
Is 62104170767 a composite number?
True
Is 15891976921 a prime number?
True
Is 1026711365 a composite number?
True
Is 1016003537 a prime number?
True
Is 355411687 composite?
True
Is 177167798473 a composite number?
False
Is 10265013499 a composite number?
True
Is 4842843263 prime?
False
Is 8463885491 prime?
True
Is 56572231 a composite number?
False
Is 98477902274 composite?
True
Is 346765957 a composite number?
False
Is 67735040107 a prime number?
False
Is 140026141 a composite number?
True
Is 10831643609 prime?
True
Is 236145829 composite?
False
Is 15440446961 a prime number?
False
Is 61425432437 prime?
True
Is 15351104651 composite?
False
Is 1429148957 a prime number?
True
Is 2622170953 a prime number?
True
Is 2997549593 composite?
True
Is 2933506441 a prime number?
False
Is 3350293247 a composite number?
True
Is 41842726039 a composite number?
False
Is 63876121 prime?
True
Is 3351656422 composite?
True
Is 47009356591 a composite number?
False
Is 27533873843 composite?
True
Is 2536288451 prime?
False
Is 61874194561 a prime number?
True
Is 13877042303 prime?
False
Is 11448720463 composite?
False
Is 1578214829 composite?
True
Is 1439869538 composite?
True
Is 30907543493 a prime number?
False
Is 206471489 a prime number?
False
Is 36839194631 composite?
True
Is 66974713183 a prime number?
False
Is 3045163447 a composite number?
False
Is 7687096217 composite?
False
Is 4930531 a prime number?
True
Is 1011350203 a prime number?
False
Is 15390387091 prime?
True
Is 2716826757 composite?
True
Is 1330323277 a composite number?
True
Is 11353050763 prime?
True
Is 24815929207 a composite number?
True
Is 108008279 a composite number?
True
Is 31540722311 a composite number?
True
Is 180158101 prime?
True
Is 79026796661 prime?
True
Is 40345883 prime?
False
Is 8125505359 composite?
True
Is 166147812239 a composite number?
True
Is 1497944722 composite?
True
Is 213663517261 prime?
False
Is 2499950527 a prime number?
True
Is 50224418407 prime?
True
Is 3199030547 a prime number?
False
Is 711901963 a composite number?
True
Is 23955156689 a composite number?
True
Is 23699211829 composite?
True
Is 1310771674 prime?
False
Is 1564404643 composite?
True
Is 10724245151 composite?
False
Is 116527676903 prime?
False
Is 1093035811 a prime number?
False
Is 125526834523 prime?
True
Is 27997765109 a composite number?
False
Is 146471358149 a composite number?
True
Is 2760073742 composite?
True
Is 357207223 a prime number?
True
Is 273940068593 composite?
True
Is 10425356743 a prime number?
False
Is 576558131 a composite number?
False
Is 2499552409 a prime number?
False
Is 14517988873 a composite number?
True
Is 264533809 a prime number?
True
Is 3276526937 prime?
True
Is 41144910251 composite?
False
Is 49469187389 a composite number?
False
Is 78114599 a composite number?
True
Is 2082868499 composite?
False
Is 5569829029 prime?
True
Is 66451685317 a composite number?
False
Is 2574210563 a prime number?
False
Is 5630563871 a composite number?
True
Is 110915045827 a prime number?
True
Is 1584003634 a prime number?
False
Is 948908819 a composite number?
True
Is 631366027 prime?
True
Is 20688222727 composite?
False
Is 6520665335 a prime number?
False
Is 8692173689 prime?
True
Is 2929758397 a prime number?
False
Is 1682935193 prime?
False
Is 1808639177 a composite number?
False
Is 3204212939 a composite number?
True
Is 3305928841 prime?
True
Is 31322001365 prime?
False
Is 1439052911 composite?
False
Is 23483830343 a prime number?
True
Is 2956660855 a composite number?
True
Is 1031173519 prime?
True
Is 11625623 a prime number?
False
Is 541496129 prime?
True
Is 11988611537 composite?
True
Is 253176263 a prime number?
False
Is 8721766351 a prime number?
False
Is 760388441 a composite number?
True
Is 35810140139 composite?
True
Is 15665673733 composite?
False
Is 118570861709 a prime number?
False
Is 230359511 composite?
False
Is 1497200137 a composite number?
False
Is 18377944217 composite?
False
Is 26829081397 composite?
True
Is 8193191141 composite?
False
Is 4148944271 prime?
False
Is 119760319181 prime?
False
Is 69260070406 prime?
False
Is 2307214021 prime?
False
Is 2537668677 prime?
False
Is 111107449 a prime number?
True
Is 36625432199 a composite number?
False
Is 20998898 composite?
True
Is 311641403 a prime number?
False
Is 86543038049 composite?
True
Is 60632947931 prime?
True
Is 413984029 a composite number?
False
Is 372158069 a prime number?
False
Is 10138721095 prime?
False
Is 2140747 a prime number?
False
Is 346836461 a composite number?
True
Is 1530668497 composite?
False
Is 9841807817 prime?
True
Is 4781539123 a prime number?
False
Is 12068699297 composite?
True
Is 3138904781 a composite number?
False
Is 263729137 prime?
False
Is 3304309249 a composite number?
False
Is 6392791157 prime?
False
Is 4105122383 prime?
False
Is 825554267 a prime number?
False
Is 260385536771 prime?
True
Is 363782519 a composite number?
True
Is 4190358313 prime?
True
Is 8574790634 composite?
True
Is 1124069131 composite?
False
Is 227970846281 prime?
True
Is 288721241 a composite number?
False
Is 382238431 a prime number?
True
Is 13713259877 prime?
True
Is 4904799089 a composite number?
False
Is 3291924247 prime?
True
Is 2432192819 a prime number?
False
Is 31153164605 a composite number?
True
Is 62893288993 a composite number?
False
Is 32608448381 a composite number?
False
Is 38239361 a prime number?
False
Is 2645212043 a prime number?
False
Is 5123246827 a composite number?
True
Is 40453684793 a prime number?
True
Is 929097503 a prime number?
False
Is 1813971187 composite?
True
Is 25954528907 a composite number?
False
Is 827888179 a prime number?
True
Is 20775941 prime?
True
Is 25112734415 prime?
False
Is 18675950543 prime?
False
Is 95998654187 prime?
False
Is 8822484955 a prime number?
False
Is 19853255257 a prime number?
False
Is 125092571 a prime number?
False
Is 12385258823 a composite number?
True
Is 219100489 a prime number?
True
Is 6019103873 prime?
True
Is 3154728607 a prime number?
False
Is 9874223 a composite number?
False
Is 10143790247 a prime number?
True
Is 2042459873 composite?
True
Is 128751430879 composite?
False
Is 6202192133 a composite number?
False
Is 28692462121 a composite number?
False
Is 267410095 a composite number?
True
Is 6775996207 composite?
True
Is 6026095333 composite?
True
Is 63772301249 a composite number?
False
Is 172034011 prime?
True
Is 17997303931 prime?
True
Is 45375701039 composite?
True
Is 587308451 a composite number?
True
Is 1126815107 prime?
False
Is 22618871729 prime?
True
Is 327882953 a composite number?
False
Is 45440814481 composite?
False
Is 14848163389 composite?
True
Is 8460523631 composite?
True
Is 1050898795 composite?
True
Is 1901029421 composite?
False
Is 4909950007 composite?
False
Is 3572254219 a composite number?
True
Is 8182287457 prime?
True
Is 601482523 prime?
False
Is 53342458141 a prime number?
False
Is 557593679 a prime number?
True
Is 26303375047 prime?
True
Is 1994585821 a composite number?
False
Is 306104845791 a prime number?
False
Is 106268287237 composite?
True
Is 11536002971 composite?
False
Is 198874189 composite?
True
Is 703975871 prime?
False
Is 11974340561 composite?
False
Is 73900494431 composite?
False
Is 1441277947 composite?
True
Is 141687264937 composite?
False
Is 29604963503 a composite number?
False
Is 10171264483 a composite numb